{"id":473,"date":"2022-05-23T14:36:49","date_gmt":"2022-05-23T14:36:49","guid":{"rendered":"http:\/\/windschiaf.de\/?page_id=473"},"modified":"2022-06-09T09:28:25","modified_gmt":"2022-06-09T09:28:25","slug":"gast-worte-zum-openair-22","status":"publish","type":"page","link":"https:\/\/windschiaf.de\/?page_id=473","title":{"rendered":"Gast-Worte zum OpenAir 22"},"content":{"rendered":"\n<p>Schee wars bei Windschiaf<\/p>\n\n\n\n<p class=\"has-medium-pink-color has-yellow-background-color has-text-color has-background\"><em>&#8220;&#8230;g<strong>anz vielen lieben Dank f\u00fcr den sch\u00f6nen Abend<\/strong>&#8220;<\/em><\/p>\n\n\n\n<blockquote class=\"wp-block-quote\"><p>&#8220;Toll, dass ihr euch traut, das was euch bewegt und verbindet in die \u00d6ffentlichkeit zu bringen und damit Menschen ber\u00fchrt und zusammenbringt! Danke.&#8221;<\/p><\/blockquote>\n\n\n\n<p class=\"has-yellow-color has-text-color has-background\" style=\"background-color:#300303\"><em>&#8220;Danke f\u00fcr einen grandiosen Abend!<\/em><\/p>\n\n\n\n<p class=\"has-purple-color has-light-pink-background-color has-text-color has-background\">&#8220;Sehr schee wars&#8230;&#8221;<\/p>\n\n\n\n<p class=\"has-light-gray-background-color has-text-color has-background\" style=\"color:#0c6175\"><em>&#8220;&#8230;nach diesem wundersch\u00f6nen Abend und dem irren Applaus, den ihr epfangen habt! Ich bin ganz anger\u00fchrt, wie Ihr nach 25 Jahren immer noch mit soviel Kraft, Lust und Freude und die B\u00fchne geht und derartig gute Stimmung verbreitet! Und Eure Songs sind toll! Auch die Vielfalt Eurer Instrumente! Die beeindruckt!&#8221;<\/em><\/p>\n\n\n\n<blockquote class=\"wp-block-quote\"><p>&#8220;&#8230;wollte mich bei Euch von Windschiaf nochmal bedanken f\u00fcr den sch\u00f6nen Abend gestern! Ihr habt jeden windschiefen Ton durch euren Auftritt mehr als kompensiert! Ich war begeistert von euren pers\u00f6nlichen und tief gehenden Texten!! (Besonders den \u00fcber Kerrygold ;-)&#8230;&#8221;<\/p><\/blockquote>\n\n\n\n<p class=\"has-light-gray-background-color has-text-color has-background\" style=\"color:#7d3e16\">&#8220;<em>&#8230;auf diesem&nbsp;Wege m\u00f6chte ich Euch einen kleinen&nbsp;Nachklang zum gestrigen Abend senden. In der Regel ist es dann doch so, dass der Nachklang Vieles offenbart, was in der&nbsp;Situation oder&nbsp;Begegnung selbst nicht gleich wahrnehmbar ist. Daher m\u00f6chte ich Euch hier noch einige Gedanken schreiben, die sich im Laufe des gestrigen Abends nach dem&nbsp;Konzert und im Laufe des heutigen Tages, auch im Gespr\u00e4ch mit &#8230;&#8230;. noch eingestellt haben.<br>Was ist&nbsp;uns als Euren G\u00e4sten entgegengekommen? Zun\u00e4chst einmal war es dieses so wesentliche Element der&nbsp;Verbindung unter Menschen.&nbsp;Ihr habt es&nbsp;geschafft, Menschen aus unterschiedlichsten Lebensfelder zusammen zu bringen, die M\u00f6glichkeit f\u00fcr&nbsp;einen direkten Kontakt nach dieser kontaktarmen Zeit zu schaffen und so einen Bereich zu erm\u00f6glichen, der dem&nbsp;menschlichen Wesen so sehr und tief entspricht &#8211; der direkte Kontakt von Mensch zu Mensch in einer erbauenden&nbsp;Atmosph\u00e4re und mit einem Inhalt, der verbindend wirkt.<br>Wir haben einen Abend erlebt, an dem tiefgr\u00fcndige, wohl erwogene Gedanken und humorvolle Passagen ein gesundes Gleichgewicht gebildet haben. In einer Zeit, die so sehr von Einseitigkeit gepr\u00e4gt ist, die vorwiegend in eine Richtung&nbsp;gerichtet ist, erlebt es das oft fast vertrocknete menschliche Gem\u00fct wie eine Oase, wenn sich Menschen \u00fcber die tieferen Fragen des Lebens Gedanken machen&nbsp;und gleichzeitig die&nbsp;Verbindung zur konkreten irdischen Wirklichkeit auf klare und eben auch humorvolle Weise herstellen k\u00f6nnen &#8211; das ist Euch wunderbar gelungen.<br>Und es war viel von Euch selbst als individuelle&nbsp;Pers\u00f6nlichkeit wahr zu nehmen, viele biographische Mosaiksteine, die Ihr dargeboten habt in Wort, Musik, Gestik, Stimme, am Instrument&nbsp;\u2026 .&nbsp;<br>Vielen Dank daf\u00fcr &#8211; ein&nbsp;solcher Abend wirkt wie ein Kulturbaustein, der die Ideale einer k\u00fcnftigen Kultur mit dem verbindenden, tiefgr\u00fcndigen, humorvollen und lebensnahen&nbsp;Klang zum Ausdruck bringt. Und so w\u00fcnsche ich Euch weiterhin viel Freude bei Euren Begegnungen, weiterhin aufbauende Entwicklungen in Eurer Freundschaft und noch viele tiefgr\u00fcndige, leichte und&nbsp;musikalisch wie&nbsp;menschlich erf\u00fcllende Proben&nbsp;und Konzerte &#8211; wir freuen uns schon auf das n\u00e4chste&nbsp;\u2026 !<br>Ganz herzliche Gr\u00fc\u00dfe, auch von &#8230;.., die sich sehr wohl gef\u00fchlt hat und die auch das Konzert sehr beeindruckt und&nbsp;angesprochen hat.<\/em>&#8220;<\/p>\n","protected":false},"excerpt":{"rendered":"<p>Schee wars bei Windschiaf &#8220;&#8230;ganz vielen lieben Dank f\u00fcr den sch\u00f6nen Abend&#8220; &#8220;Toll, dass ihr euch traut, das was euch bewegt und verbindet in die \u00d6ffentlichkeit zu bringen und damit Menschen ber\u00fchrt und zusammenbringt! Danke.&#8221; &#8220;Danke f\u00fcr einen grandiosen Abend! &#8220;Sehr schee wars&#8230;&#8221; &#8220;&#8230;nach diesem wundersch\u00f6nen Abend und dem irren Applaus, den ihr epfangen habt! &hellip; <a href=\"https:\/\/windschiaf.de\/?page_id=473\" class=\"more-link\"><span class=\"screen-reader-text\">Gast-Worte zum OpenAir 22<\/span> weiterlesen<\/a><\/p>\n","protected":false},"author":1,"featured_media":0,"parent":0,"menu_order":0,"comment_status":"closed","ping_status":"closed","template":"","meta":[],"_links":{"self":[{"href":"https:\/\/windschiaf.de\/index.php?rest_route=\/wp\/v2\/pages\/473"}],"collection":[{"href":"https:\/\/windschiaf.de\/index.php?rest_route=\/wp\/v2\/pages"}],"about":[{"href":"https:\/\/windschiaf.de\/index.php?rest_route=\/wp\/v2\/types\/page"}],"author":[{"embeddable":true,"href":"https:\/\/windschiaf.de\/index.php?rest_route=\/wp\/v2\/users\/1"}],"replies":[{"embeddable":true,"href":"https:\/\/windschiaf.de\/index.php?rest_route=%2Fwp%2Fv2%2Fcomments&post=473"}],"version-history":[{"count":5,"href":"https:\/\/windschiaf.de\/index.php?rest_route=\/wp\/v2\/pages\/473\/revisions"}],"predecessor-version":[{"id":528,"href":"https:\/\/windschiaf.de\/index.php?rest_route=\/wp\/v2\/pages\/473\/revisions\/528"}],"wp:attachment":[{"href":"https:\/\/windschiaf.de\/index.php?rest_route=%2Fwp%2Fv2%2Fmedia&parent=473"}],"curies":[{"name":"wp","href":"https:\/\/api.w.org\/{rel}","templated":true}]}}

<p>Schee wars bei Windschiaf</p>



<p class="has-medium-pink-color has-yellow-background-color has-text-color has-background"><em>&#8220;&#8230;g<strong>anz vielen lieben Dank für den schönen Abend</strong>&#8220;</em></p>



<blockquote class="wp-block-quote"><p>&#8220;Toll, dass ihr euch traut, das was euch bewegt und verbindet in die Öffentlichkeit zu bringen und damit Menschen berührt und zusammenbringt! Danke.&#8221;</p></blockquote>



<p class="has-yellow-color has-text-color has-background" style="background-color:#300303"><em>&#8220;Danke für einen grandiosen Abend!</em></p>



<p class="has-purple-color has-light-pink-background-color has-text-color has-background">&#8220;Sehr schee wars&#8230;&#8221;</p>



<p class="has-light-gray-background-color has-text-color has-background" style="color:#0c6175"><em>&#8220;&#8230;nach diesem wunderschönen Abend und dem irren Applaus, den ihr epfangen habt! Ich bin ganz angerührt, wie Ihr nach 25 Jahren immer noch mit soviel Kraft, Lust und Freude und die Bühne geht und derartig gute Stimmung verbreitet! Und Eure Songs sind toll! Auch die Vielfalt Eurer Instrumente! Die beeindruckt!&#8221;</em></p>



<blockquote class="wp-block-quote"><p>&#8220;&#8230;wollte mich bei Euch von Windschiaf nochmal bedanken für den schönen Abend gestern! Ihr habt jeden windschiefen Ton durch euren Auftritt mehr als kompensiert! Ich war begeistert von euren persönlichen und tief gehenden Texten!! (Besonders den über Kerrygold ;-)&#8230;&#8221;</p></blockquote>



<p class="has-light-gray-background-color has-text-color has-background" style="color:#7d3e16">&#8220;<em>&#8230;auf diesem&nbsp;Wege möchte ich Euch einen kleinen&nbsp;Nachklang zum gestrigen Abend senden. In der Regel ist es dann doch so, dass der Nachklang Vieles offenbart, was in der&nbsp;Situation oder&nbsp;Begegnung selbst nicht gleich wahrnehmbar ist. Daher möchte ich Euch hier noch einige Gedanken schreiben, die sich im Laufe des gestrigen Abends nach dem&nbsp;Konzert und im Laufe des heutigen Tages, auch im Gespräch mit &#8230;&#8230;. noch eingestellt haben.<br>Was ist&nbsp;uns als Euren Gästen entgegengekommen? Zunächst einmal war es dieses so wesentliche Element der&nbsp;Verbindung unter Menschen.&nbsp;Ihr habt es&nbsp;geschafft, Menschen aus unterschiedlichsten Lebensfelder zusammen zu bringen, die Möglichkeit für&nbsp;einen direkten Kontakt nach dieser kontaktarmen Zeit zu schaffen und so einen Bereich zu ermöglichen, der dem&nbsp;menschlichen Wesen so sehr und tief entspricht &#8211; der direkte Kontakt von Mensch zu Mensch in einer erbauenden&nbsp;Atmosphäre und mit einem Inhalt, der verbindend wirkt.<br>Wir haben einen Abend erlebt, an dem tiefgründige, wohl erwogene Gedanken und humorvolle Passagen ein gesundes Gleichgewicht gebildet haben. In einer Zeit, die so sehr von Einseitigkeit geprägt ist, die vorwiegend in eine Richtung&nbsp;gerichtet ist, erlebt es das oft fast vertrocknete menschliche Gemüt wie eine Oase, wenn sich Menschen über die tieferen Fragen des Lebens Gedanken machen&nbsp;und gleichzeitig die&nbsp;Verbindung zur konkreten irdischen Wirklichkeit auf klare und eben auch humorvolle Weise herstellen können &#8211; das ist Euch wunderbar gelungen.<br>Und es war viel von Euch selbst als individuelle&nbsp;Persönlichkeit wahr zu nehmen, viele biographische Mosaiksteine, die Ihr dargeboten habt in Wort, Musik, Gestik, Stimme, am Instrument&nbsp;… .&nbsp;<br>Vielen Dank dafür &#8211; ein&nbsp;solcher Abend wirkt wie ein Kulturbaustein, der die Ideale einer künftigen Kultur mit dem verbindenden, tiefgründigen, humorvollen und lebensnahen&nbsp;Klang zum Ausdruck bringt. Und so wünsche ich Euch weiterhin viel Freude bei Euren Begegnungen, weiterhin aufbauende Entwicklungen in Eurer Freundschaft und noch viele tiefgründige, leichte und&nbsp;musikalisch wie&nbsp;menschlich erfüllende Proben&nbsp;und Konzerte &#8211; wir freuen uns schon auf das nächste&nbsp;… !<br>Ganz herzliche Grüße, auch von &#8230;.., die sich sehr wohl gefühlt hat und die auch das Konzert sehr beeindruckt und&nbsp;angesprochen hat.</em>&#8220;</p>

<p>Schee wars bei Windschiaf &#8220;&#8230;ganz vielen lieben Dank für den schönen Abend&#8220; &#8220;Toll, dass ihr euch traut, das was euch bewegt und verbindet in die Öffentlichkeit zu bringen und damit Menschen berührt und zusammenbringt! Danke.&#8221; &#8220;Danke für einen grandiosen Abend! &#8220;Sehr schee wars&#8230;&#8221; &#8220;&#8230;nach diesem wunderschönen Abend und dem irren Applaus, den ihr epfangen habt! &hellip; <a href="https://windschiaf.de/?page_id=473" class="more-link"><span class="screen-reader-text">Gast-Worte zum OpenAir 22</span> weiterlesen</a></p>
