{"id":31,"date":"2017-04-19T08:49:40","date_gmt":"2017-04-19T08:49:40","guid":{"rendered":"http:\/\/windschiaf.de\/?page_id=31"},"modified":"2022-05-22T17:06:55","modified_gmt":"2022-05-22T17:06:55","slug":"wir-spielen-wieder","status":"publish","type":"page","link":"https:\/\/windschiaf.de\/?page_id=31","title":{"rendered":"wir spielen wieder"},"content":{"rendered":"\n<p>Obwohl, so ganz haben wir ja nie aufgeh\u00f6rt. Aber nach beruflichen Wechseln, Kleinkindern etc. schaffen wir es seit einiger Zeit tats\u00e4chlich, uns wieder zu treffen, zu spielen, sogar ein wenig zu \u00fcben, und so haben wir den Mut, unsere neuen und einige alte Lieder Menschen vorzuspielen, die uns h\u00f6ren wollen: also Euch!!!<\/p>\n\n\n\n<p>Wir spielen wieder am&#8230;.<\/p>\n\n\n\n<p class=\"has-text-align-center has-large-font-size\"><strong><span class=\"has-inline-color has-medium-pink-color\">tja, das steht jetzt in den Sternen<\/span><\/strong><\/p>\n\n\n\n<p class=\"has-text-align-center has-purple-color has-text-color\">Schaut immer wieder mal hier nach, damit ihr uns nicht verpasst<\/p>\n\n\n\n<p class=\"has-text-align-center\"><span style=\"color: #993300;\">&nbsp;<\/span><\/p>\n\n\n\n<p><\/p>\n","protected":false},"excerpt":{"rendered":"<p>Obwohl, so ganz haben wir ja nie aufgeh\u00f6rt. Aber nach beruflichen Wechseln, Kleinkindern etc. schaffen wir es seit einiger Zeit tats\u00e4chlich, uns wieder zu treffen, zu spielen, sogar ein wenig zu \u00fcben, und so haben wir den Mut, unsere neuen und einige alte Lieder Menschen vorzuspielen, die uns h\u00f6ren wollen: also Euch!!! Wir spielen wieder &hellip; <a href=\"https:\/\/windschiaf.de\/?page_id=31\" class=\"more-link\"><span class=\"screen-reader-text\">wir spielen wieder<\/span> weiterlesen<\/a><\/p>\n","protected":false},"author":1,"featured_media":315,"parent":0,"menu_order":0,"comment_status":"closed","ping_status":"closed","template":"","meta":[],"_links":{"self":[{"href":"https:\/\/windschiaf.de\/index.php?rest_route=\/wp\/v2\/pages\/31"}],"collection":[{"href":"https:\/\/windschiaf.de\/index.php?rest_route=\/wp\/v2\/pages"}],"about":[{"href":"https:\/\/windschiaf.de\/index.php?rest_route=\/wp\/v2\/types\/page"}],"author":[{"embeddable":true,"href":"https:\/\/windschiaf.de\/index.php?rest_route=\/wp\/v2\/users\/1"}],"replies":[{"embeddable":true,"href":"https:\/\/windschiaf.de\/index.php?rest_route=%2Fwp%2Fv2%2Fcomments&post=31"}],"version-history":[{"count":14,"href":"https:\/\/windschiaf.de\/index.php?rest_route=\/wp\/v2\/pages\/31\/revisions"}],"predecessor-version":[{"id":453,"href":"https:\/\/windschiaf.de\/index.php?rest_route=\/wp\/v2\/pages\/31\/revisions\/453"}],"wp:featuredmedia":[{"embeddable":true,"href":"https:\/\/windschiaf.de\/index.php?rest_route=\/wp\/v2\/media\/315"}],"wp:attachment":[{"href":"https:\/\/windschiaf.de\/index.php?rest_route=%2Fwp%2Fv2%2Fmedia&parent=31"}],"curies":[{"name":"wp","href":"https:\/\/api.w.org\/{rel}","templated":true}]}}