{"id":201,"date":"2017-04-23T08:12:41","date_gmt":"2017-04-23T08:12:41","guid":{"rendered":"http:\/\/windschiaf.de\/?page_id=201"},"modified":"2022-06-19T16:27:42","modified_gmt":"2022-06-19T16:27:42","slug":"themenbilder-zu-gekreuzigt","status":"publish","type":"page","link":"https:\/\/windschiaf.de\/?page_id=201","title":{"rendered":"Themenbilder zu &#8220;Gekreuzigt&#8230;&#8221;"},"content":{"rendered":"<p><span style=\"color: #993300;\">Diese Bilder wurden zu entsprechenden Bibelstellen und unseren Liedern gezeigt. Die literarischen Texte, die ebenfalls gelesen wurden, &nbsp;k\u00f6nnen wir aus urheberrechtlichen Gr\u00fcnden nicht ver\u00f6ffentlichen. So beschr\u00e4nken wir uns auf die Bibelstellen<\/span><\/p>\n<div id='gallery-1' class='gallery galleryid-201 gallery-columns-1 gallery-size-thumbnail'><figure class='gallery-item'>\n\t\t\t<div class='gallery-icon portrait'>\n\t\t\t\t<a href='https:\/\/windschiaf.de\/?attachment_id=202'><img width=\"104\" height=\"150\" src=\"https:\/\/windschiaf.de\/wp-content\/uploads\/2017\/04\/titel.bmp\" class=\"attachment-thumbnail size-thumbnail\" alt=\"\" loading=\"lazy\" aria-describedby=\"gallery-1-202\" \/><\/a>\n\t\t\t<\/div>\n\t\t\t\t<figcaption class='wp-caption-text gallery-caption' id='gallery-1-202'>\n\t\t\t\tAuftaktbild: Ein Auschnitt unseres Plakates, entworfen von Steffi Horn\n\t\t\t\t<\/figcaption><\/figure><figure class='gallery-item'>\n\t\t\t<div class='gallery-icon portrait'>\n\t\t\t\t<a href='https:\/\/windschiaf.de\/?attachment_id=211'><img width=\"104\" height=\"150\" src=\"https:\/\/windschiaf.de\/wp-content\/uploads\/2017\/04\/untitled-10.bmp\" class=\"attachment-thumbnail size-thumbnail\" alt=\"\" loading=\"lazy\" aria-describedby=\"gallery-1-211\" \/><\/a>\n\t\t\t<\/div>\n\t\t\t\t<figcaption class='wp-caption-text gallery-caption' id='gallery-1-211'>\n\t\t\t\tAm Tag darauf h\u00f6rte die Volksmenge, die sich zum Fest eingefunden hatte, Jesus komme nach Jerusalem.   12:13 Da nahmen sie Palmzweige, zogen hinaus, um ihn zu empfangen, und riefen: Hosanna! Gesegnet sei er, der kommt im Namen des Herrn, der K\u00f6nig Israels! \n\t\t\t\t<\/figcaption><\/figure><figure class='gallery-item'>\n\t\t\t<div class='gallery-icon landscape'>\n\t\t\t\t<a href='https:\/\/windschiaf.de\/?attachment_id=210'><img width=\"150\" height=\"104\" src=\"https:\/\/windschiaf.de\/wp-content\/uploads\/2017\/04\/untitled-9.bmp\" class=\"attachment-thumbnail size-thumbnail\" alt=\"\" loading=\"lazy\" aria-describedby=\"gallery-1-210\" \/><\/a>\n\t\t\t<\/div>\n\t\t\t\t<figcaption class='wp-caption-text gallery-caption' id='gallery-1-210'>\n\t\t\t\tEs fand ein Mahl statt\u2026. Als er ihnen die F\u00fc\u00dfe gewaschen, sein Gewand wieder angelegt und Platz genommen hatte, sagte er zu ihnen: Begreift ihr, was ich an euch getan habe?   Ein neues Gebot gebe ich euch: Liebt einander! Wie ich euch geliebt habe, so sollt auch ihr einander lieben.  \n\t\t\t\t<\/figcaption><\/figure><figure class='gallery-item'>\n\t\t\t<div class='gallery-icon landscape'>\n\t\t\t\t<a href='https:\/\/windschiaf.de\/?attachment_id=209'><img width=\"150\" height=\"104\" src=\"https:\/\/windschiaf.de\/wp-content\/uploads\/2017\/04\/untitled-8.bmp\" class=\"attachment-thumbnail size-thumbnail\" alt=\"\" loading=\"lazy\" aria-describedby=\"gallery-1-209\" \/><\/a>\n\t\t\t<\/div>\n\t\t\t\t<figcaption class='wp-caption-text gallery-caption' id='gallery-1-209'>\n\t\t\t\tDer Verr\u00e4ter hatte mit ihnen ein Zeichen vereinbart und gesagt: Der, den ich k\u00fcssen werde, der ist es. Nehmt ihn fest, f\u00fchrt ihn ab, und la\u00dft ihn nicht entkommen.    Und als er kam, ging er sogleich auf Jesus zu und sagte: Rabbi! Und er k\u00fc\u00dfte ihn.    Da ergriffen sie ihn und nahmen ihn fest\n\t\t\t\t<\/figcaption><\/figure><figure class='gallery-item'>\n\t\t\t<div class='gallery-icon portrait'>\n\t\t\t\t<a href='https:\/\/windschiaf.de\/?attachment_id=208'><img width=\"104\" height=\"150\" src=\"https:\/\/windschiaf.de\/wp-content\/uploads\/2017\/04\/untitled-7.bmp\" class=\"attachment-thumbnail size-thumbnail\" alt=\"\" loading=\"lazy\" aria-describedby=\"gallery-1-208\" \/><\/a>\n\t\t\t<\/div>\n\t\t\t\t<figcaption class='wp-caption-text gallery-caption' id='gallery-1-208'>\n\t\t\t\tPilatus sagte zu ihm: Also bist du doch ein K\u00f6nig? Jesus antwortete: Du sagst es, ich bin ein K\u00f6nig. Ich bin dazu geboren und dazu in die Welt gekommen, da\u00df ich f\u00fcr die Wahrheit Zeugnis ablege. Jeder, der aus der Wahrheit ist, h\u00f6rt auf meine Stimme.   Pilatus sagte zu ihm: Was ist Wahrheit?\n\t\t\t\t<\/figcaption><\/figure><figure class='gallery-item'>\n\t\t\t<div class='gallery-icon landscape'>\n\t\t\t\t<a href='https:\/\/windschiaf.de\/?attachment_id=207'><img width=\"150\" height=\"104\" src=\"https:\/\/windschiaf.de\/wp-content\/uploads\/2017\/04\/untitled-6.bmp\" class=\"attachment-thumbnail size-thumbnail\" alt=\"\" loading=\"lazy\" aria-describedby=\"gallery-1-207\" \/><\/a>\n\t\t\t<\/div>\n\t\t\t\t<figcaption class='wp-caption-text gallery-caption' id='gallery-1-207'>\n\t\t\t\tEs war die dritte Stunde, als sie ihn kreuzigten.  \u2026 Als die sechste Stunde kam, brach \u00fcber das ganze Land eine Finsternis herein. Sie dauerte bis zur neunten Stunde.   Und in der neunten Stunde rief Jesus mit lauter Stimme: Elo\u00ef, Elo\u00ef, lema sabachtani?, das hei\u00dft \u00fcbersetzt: Mein Gott, mein Gott, warum hast du mich verlassen?   Dann schrie er laut auf und hauchte den Geist aus.  \n\t\t\t\t<\/figcaption><\/figure><figure class='gallery-item'>\n\t\t\t<div class='gallery-icon landscape'>\n\t\t\t\t<a href='https:\/\/windschiaf.de\/?attachment_id=206'><img width=\"150\" height=\"104\" src=\"https:\/\/windschiaf.de\/wp-content\/uploads\/2017\/04\/untitled-5.bmp\" class=\"attachment-thumbnail size-thumbnail\" alt=\"\" loading=\"lazy\" aria-describedby=\"gallery-1-206\" \/><\/a>\n\t\t\t<\/div>\n\t\t\t\t<figcaption class='wp-caption-text gallery-caption' id='gallery-1-206'>\n\t\t\t\tAuch einige Frauen sahen von weitem zu, darunter Maria aus Magdala, Maria, die Mutter des Jakobus sowie Salome; sie waren Jesus schon in Galil\u00e4a nachgefolgt und hatten ihm gedient. Noch viele Frauen waren dabei, die mit ihm nach Jerusalem hinaufgezogen waren\n\t\t\t\t<\/figcaption><\/figure><figure class='gallery-item'>\n\t\t\t<div class='gallery-icon portrait'>\n\t\t\t\t<a href='https:\/\/windschiaf.de\/?attachment_id=205'><img width=\"104\" height=\"150\" src=\"https:\/\/windschiaf.de\/wp-content\/uploads\/2017\/04\/untitled-4.bmp\" class=\"attachment-thumbnail size-thumbnail\" alt=\"\" loading=\"lazy\" aria-describedby=\"gallery-1-205\" \/><\/a>\n\t\t\t<\/div>\n\t\t\t\t<figcaption class='wp-caption-text gallery-caption' id='gallery-1-205'>\n\t\t\t\tSie nahmen den Leichnam Jesu und umwickelten ihn mit Leinenbinden, zusammen mit den wohlriechenden Salben, wie es beim j\u00fcdischen Begr\u00e4bnis Sitte ist.    Sie legten ihn in ein Grab, das in einen Felsen gehauen war. Dann w\u00e4lzten sie einen Stein vor den Eingang des Grabes.\n\t\t\t\t<\/figcaption><\/figure><figure class='gallery-item'>\n\t\t\t<div class='gallery-icon portrait'>\n\t\t\t\t<a href='https:\/\/windschiaf.de\/?attachment_id=204'><img width=\"104\" height=\"150\" src=\"https:\/\/windschiaf.de\/wp-content\/uploads\/2017\/04\/untitled-3.bmp\" class=\"attachment-thumbnail size-thumbnail\" alt=\"\" loading=\"lazy\" aria-describedby=\"gallery-1-204\" \/><\/a>\n\t\t\t<\/div>\n\t\t\t\t<figcaption class='wp-caption-text gallery-caption' id='gallery-1-204'>\n\t\t\t\tAm ersten Tag der Woche kamen sie in aller Fr\u00fche zum Grab, als eben die Sonne aufging.   Sie sagten zueinander: Wer k\u00f6nnte uns den Stein vom Eingang des Grabes wegw\u00e4lzen?   Doch als sie hinblickten, sahen sie, da\u00df der Stein schon weggew\u00e4lzt war; er war sehr gro\u00df.\n\t\t\t\t<\/figcaption><\/figure><figure class='gallery-item'>\n\t\t\t<div class='gallery-icon landscape'>\n\t\t\t\t<a href='https:\/\/windschiaf.de\/?attachment_id=203'><img width=\"150\" height=\"104\" src=\"https:\/\/windschiaf.de\/wp-content\/uploads\/2017\/04\/t\u00fcr.bmp\" class=\"attachment-thumbnail size-thumbnail\" alt=\"\" loading=\"lazy\" aria-describedby=\"gallery-1-203\" \/><\/a>\n\t\t\t<\/div>\n\t\t\t\t<figcaption class='wp-caption-text gallery-caption' id='gallery-1-203'>\n\t\t\t\t16:5 Sie gingen in das Grab hinein und sahen auf der rechten Seite einen jungen Mann sitzen, der mit einem wei\u00dfen Gewand bekleidet war; da erschraken sie sehr.    16:6 Er aber sagte zu ihnen: Erschreckt nicht! Ihr sucht Jesus von Nazaret, den Gekreuzigten. Er ist auferstanden; er ist nicht hier. Seht, da ist die Stelle, wo man ihn hingelegt hatte.    16:7 Nun aber geht und sagt seinen J\u00fcngern, vor allem Petrus: Er geht euch voraus nach Galil\u00e4a; dort werdet ihr ihn sehen, wie er es euch gesagt hat.    16:8 Da verlie\u00dfen sie das Grab und flohen; denn Schrecken und Entsetzen hatte sie gepackt. Und sie sagten niemand etwas davon; denn sie f\u00fcrchteten sich.\n\t\t\t\t<\/figcaption><\/figure>\n\t\t<\/div>\n\n","protected":false},"excerpt":{"rendered":"<p>Diese Bilder wurden zu entsprechenden Bibelstellen und unseren Liedern gezeigt. Die literarischen Texte, die ebenfalls gelesen wurden, &nbsp;k\u00f6nnen wir aus urheberrechtlichen Gr\u00fcnden nicht ver\u00f6ffentlichen. So beschr\u00e4nken wir uns auf die Bibelstellen<\/p>\n","protected":false},"author":1,"featured_media":0,"parent":132,"menu_order":0,"comment_status":"closed","ping_status":"closed","template":"","meta":[],"_links":{"self":[{"href":"https:\/\/windschiaf.de\/index.php?rest_route=\/wp\/v2\/pages\/201"}],"collection":[{"href":"https:\/\/windschiaf.de\/index.php?rest_route=\/wp\/v2\/pages"}],"about":[{"href":"https:\/\/windschiaf.de\/index.php?rest_route=\/wp\/v2\/types\/page"}],"author":[{"embeddable":true,"href":"https:\/\/windschiaf.de\/index.php?rest_route=\/wp\/v2\/users\/1"}],"replies":[{"embeddable":true,"href":"https:\/\/windschiaf.de\/index.php?rest_route=%2Fwp%2Fv2%2Fcomments&post=201"}],"version-history":[{"count":3,"href":"https:\/\/windschiaf.de\/index.php?rest_route=\/wp\/v2\/pages\/201\/revisions"}],"predecessor-version":[{"id":821,"href":"https:\/\/windschiaf.de\/index.php?rest_route=\/wp\/v2\/pages\/201\/revisions\/821"}],"up":[{"embeddable":true,"href":"https:\/\/windschiaf.de\/index.php?rest_route=\/wp\/v2\/pages\/132"}],"wp:attachment":[{"href":"https:\/\/windschiaf.de\/index.php?rest_route=%2Fwp%2Fv2%2Fmedia&parent=201"}],"curies":[{"name":"wp","href":"https:\/\/api.w.org\/{rel}","templated":true}]}}

<p><span style="color: #993300;">Diese Bilder wurden zu entsprechenden Bibelstellen und unseren Liedern gezeigt. Die literarischen Texte, die ebenfalls gelesen wurden, &nbsp;können wir aus urheberrechtlichen Gründen nicht veröffentlichen. So beschränken wir uns auf die Bibelstellen</span></p>
<div id='gallery-1' class='gallery galleryid-201 gallery-columns-1 gallery-size-thumbnail'><figure class='gallery-item'>
			<div class='gallery-icon portrait'>
				<a href='https://windschiaf.de/?attachment_id=202'><img width="104" height="150" src="https://windschiaf.de/wp-content/uploads/2017/04/titel.bmp" class="attachment-thumbnail size-thumbnail" alt="" loading="lazy" aria-describedby="gallery-1-202" /></a>
			</div>
				<figcaption class='wp-caption-text gallery-caption' id='gallery-1-202'>
				Auftaktbild: Ein Auschnitt unseres Plakates, entworfen von Steffi Horn
				</figcaption></figure><figure class='gallery-item'>
			<div class='gallery-icon portrait'>
				<a href='https://windschiaf.de/?attachment_id=211'><img width="104" height="150" src="https://windschiaf.de/wp-content/uploads/2017/04/untitled-10.bmp" class="attachment-thumbnail size-thumbnail" alt="" loading="lazy" aria-describedby="gallery-1-211" /></a>
			</div>
				<figcaption class='wp-caption-text gallery-caption' id='gallery-1-211'>
				Am Tag darauf hörte die Volksmenge, die sich zum Fest eingefunden hatte, Jesus komme nach Jerusalem.   12:13 Da nahmen sie Palmzweige, zogen hinaus, um ihn zu empfangen, und riefen: Hosanna! Gesegnet sei er, der kommt im Namen des Herrn, der König Israels! 
				</figcaption></figure><figure class='gallery-item'>
			<div class='gallery-icon landscape'>
				<a href='https://windschiaf.de/?attachment_id=210'><img width="150" height="104" src="https://windschiaf.de/wp-content/uploads/2017/04/untitled-9.bmp" class="attachment-thumbnail size-thumbnail" alt="" loading="lazy" aria-describedby="gallery-1-210" /></a>
			</div>
				<figcaption class='wp-caption-text gallery-caption' id='gallery-1-210'>
				Es fand ein Mahl statt…. Als er ihnen die Füße gewaschen, sein Gewand wieder angelegt und Platz genommen hatte, sagte er zu ihnen: Begreift ihr, was ich an euch getan habe?   Ein neues Gebot gebe ich euch: Liebt einander! Wie ich euch geliebt habe, so sollt auch ihr einander lieben.  
				</figcaption></figure><figure class='gallery-item'>
			<div class='gallery-icon landscape'>
				<a href='https://windschiaf.de/?attachment_id=209'><img width="150" height="104" src="https://windschiaf.de/wp-content/uploads/2017/04/untitled-8.bmp" class="attachment-thumbnail size-thumbnail" alt="" loading="lazy" aria-describedby="gallery-1-209" /></a>
			</div>
				<figcaption class='wp-caption-text gallery-caption' id='gallery-1-209'>
				Der Verräter hatte mit ihnen ein Zeichen vereinbart und gesagt: Der, den ich küssen werde, der ist es. Nehmt ihn fest, führt ihn ab, und laßt ihn nicht entkommen.    Und als er kam, ging er sogleich auf Jesus zu und sagte: Rabbi! Und er küßte ihn.    Da ergriffen sie ihn und nahmen ihn fest
				</figcaption></figure><figure class='gallery-item'>
			<div class='gallery-icon portrait'>
				<a href='https://windschiaf.de/?attachment_id=208'><img width="104" height="150" src="https://windschiaf.de/wp-content/uploads/2017/04/untitled-7.bmp" class="attachment-thumbnail size-thumbnail" alt="" loading="lazy" aria-describedby="gallery-1-208" /></a>
			</div>
				<figcaption class='wp-caption-text gallery-caption' id='gallery-1-208'>
				Pilatus sagte zu ihm: Also bist du doch ein König? Jesus antwortete: Du sagst es, ich bin ein König. Ich bin dazu geboren und dazu in die Welt gekommen, daß ich für die Wahrheit Zeugnis ablege. Jeder, der aus der Wahrheit ist, hört auf meine Stimme.   Pilatus sagte zu ihm: Was ist Wahrheit?
				</figcaption></figure><figure class='gallery-item'>
			<div class='gallery-icon landscape'>
				<a href='https://windschiaf.de/?attachment_id=207'><img width="150" height="104" src="https://windschiaf.de/wp-content/uploads/2017/04/untitled-6.bmp" class="attachment-thumbnail size-thumbnail" alt="" loading="lazy" aria-describedby="gallery-1-207" /></a>
			</div>
				<figcaption class='wp-caption-text gallery-caption' id='gallery-1-207'>
				Es war die dritte Stunde, als sie ihn kreuzigten.  … Als die sechste Stunde kam, brach über das ganze Land eine Finsternis herein. Sie dauerte bis zur neunten Stunde.   Und in der neunten Stunde rief Jesus mit lauter Stimme: Eloï, Eloï, lema sabachtani?, das heißt übersetzt: Mein Gott, mein Gott, warum hast du mich verlassen?   Dann schrie er laut auf und hauchte den Geist aus.  
				</figcaption></figure><figure class='gallery-item'>
			<div class='gallery-icon landscape'>
				<a href='https://windschiaf.de/?attachment_id=206'><img width="150" height="104" src="https://windschiaf.de/wp-content/uploads/2017/04/untitled-5.bmp" class="attachment-thumbnail size-thumbnail" alt="" loading="lazy" aria-describedby="gallery-1-206" /></a>
			</div>
				<figcaption class='wp-caption-text gallery-caption' id='gallery-1-206'>
				Auch einige Frauen sahen von weitem zu, darunter Maria aus Magdala, Maria, die Mutter des Jakobus sowie Salome; sie waren Jesus schon in Galiläa nachgefolgt und hatten ihm gedient. Noch viele Frauen waren dabei, die mit ihm nach Jerusalem hinaufgezogen waren
				</figcaption></figure><figure class='gallery-item'>
			<div class='gallery-icon portrait'>
				<a href='https://windschiaf.de/?attachment_id=205'><img width="104" height="150" src="https://windschiaf.de/wp-content/uploads/2017/04/untitled-4.bmp" class="attachment-thumbnail size-thumbnail" alt="" loading="lazy" aria-describedby="gallery-1-205" /></a>
			</div>
				<figcaption class='wp-caption-text gallery-caption' id='gallery-1-205'>
				Sie nahmen den Leichnam Jesu und umwickelten ihn mit Leinenbinden, zusammen mit den wohlriechenden Salben, wie es beim jüdischen Begräbnis Sitte ist.    Sie legten ihn in ein Grab, das in einen Felsen gehauen war. Dann wälzten sie einen Stein vor den Eingang des Grabes.
				</figcaption></figure><figure class='gallery-item'>
			<div class='gallery-icon portrait'>
				<a href='https://windschiaf.de/?attachment_id=204'><img width="104" height="150" src="https://windschiaf.de/wp-content/uploads/2017/04/untitled-3.bmp" class="attachment-thumbnail size-thumbnail" alt="" loading="lazy" aria-describedby="gallery-1-204" /></a>
			</div>
				<figcaption class='wp-caption-text gallery-caption' id='gallery-1-204'>
				Am ersten Tag der Woche kamen sie in aller Frühe zum Grab, als eben die Sonne aufging.   Sie sagten zueinander: Wer könnte uns den Stein vom Eingang des Grabes wegwälzen?   Doch als sie hinblickten, sahen sie, daß der Stein schon weggewälzt war; er war sehr groß.
				</figcaption></figure><figure class='gallery-item'>
			<div class='gallery-icon landscape'>
				<a href='https://windschiaf.de/?attachment_id=203'><img width="150" height="104" src="https://windschiaf.de/wp-content/uploads/2017/04/tür.bmp" class="attachment-thumbnail size-thumbnail" alt="" loading="lazy" aria-describedby="gallery-1-203" /></a>
			</div>
				<figcaption class='wp-caption-text gallery-caption' id='gallery-1-203'>
				16:5 Sie gingen in das Grab hinein und sahen auf der rechten Seite einen jungen Mann sitzen, der mit einem weißen Gewand bekleidet war; da erschraken sie sehr.    16:6 Er aber sagte zu ihnen: Erschreckt nicht! Ihr sucht Jesus von Nazaret, den Gekreuzigten. Er ist auferstanden; er ist nicht hier. Seht, da ist die Stelle, wo man ihn hingelegt hatte.    16:7 Nun aber geht und sagt seinen Jüngern, vor allem Petrus: Er geht euch voraus nach Galiläa; dort werdet ihr ihn sehen, wie er es euch gesagt hat.    16:8 Da verließen sie das Grab und flohen; denn Schrecken und Entsetzen hatte sie gepackt. Und sie sagten niemand etwas davon; denn sie fürchteten sich.
				</figcaption></figure>
		</div>

<p>Diese Bilder wurden zu entsprechenden Bibelstellen und unseren Liedern gezeigt. Die literarischen Texte, die ebenfalls gelesen wurden, &nbsp;können wir aus urheberrechtlichen Gründen nicht veröffentlichen. So beschränken wir uns auf die Bibelstellen</p>
