{"id":2,"date":"2016-05-10T03:48:21","date_gmt":"2016-05-10T03:48:21","guid":{"rendered":"http:\/\/windschiaf.de\/?page_id=2"},"modified":"2022-06-18T09:50:40","modified_gmt":"2022-06-18T09:50:40","slug":"sample-page","status":"publish","type":"page","link":"https:\/\/windschiaf.de\/?page_id=2","title":{"rendered":""},"content":{"rendered":"<h1 id=\"block-2b38ef33-3c03-4b53-a2f3-cce24c43d7b6\" class=\"block-editor-rich-text__editable block-editor-block-list__block wp-block is-selected rich-text\" style=\"text-align: center;\" tabindex=\"0\" role=\"group\" aria-multiline=\"true\" aria-label=\"Block: \u00dcberschrift\" data-block=\"2b38ef33-3c03-4b53-a2f3-cce24c43d7b6\" data-type=\"core\/heading\" data-title=\"\u00dcberschrift\"><strong><span class=\"has-inline-color has-secondary-color\" data-rich-text-format-boundary=\"true\"><span style=\"color: #993300;\">Windschiaf lebt &#8211; mehr denn je<\/span><br \/><\/span><\/strong><\/h1>\n<h6 style=\"text-align: center;\"><span style=\"color: #800000;\">Willkommen bei Windschiaf<\/span><\/h6>\n<p style=\"text-align: center;\"><span style=\"color: #800000;\">Es gibt uns also tats\u00e4chlich noch. <br \/>Auch wenn wir inzwischen<br \/><\/span><span style=\"color: #800000;\">nat\u00fcrlich ein wenig \u00e4lter sind.<br \/><\/span><br \/><span style=\"color: #800000;\"> Windschiaf sind:<\/span><\/p>\n<h3 style=\"text-align: right;\"><span style=\"color: #800000;\"><span style=\"color: #800000;\"><img loading=\"lazy\" class=\"wp-image-233\" src=\"http:\/\/windschiaf.de\/wp-content\/uploads\/2016\/05\/Christoph2017-e1493145472705.jpg\" alt=\"\" width=\"146\" height=\"195\" srcset=\"https:\/\/windschiaf.de\/wp-content\/uploads\/2016\/05\/Christoph2017-e1493145472705.jpg 450w, https:\/\/windschiaf.de\/wp-content\/uploads\/2016\/05\/Christoph2017-e1493145472705-225x300.jpg 225w\" sizes=\"(max-width: 146px) 100vw, 146px\" \/>\u00a0\u00a0\u00a0\u00a0\u00a0\u00a0 <\/span>Christoph M\u00fcller<\/span><\/h3>\n<h3 style=\"text-align: right;\"><span style=\"color: #800000;\"><span style=\"color: #800000;\"><span style=\"color: #800000;\"><img loading=\"lazy\" class=\"wp-image-235 alignleft\" src=\"http:\/\/windschiaf.de\/wp-content\/uploads\/2016\/05\/Walter-2017.jpg\" alt=\"\" width=\"167\" height=\"195\" srcset=\"https:\/\/windschiaf.de\/wp-content\/uploads\/2016\/05\/Walter-2017.jpg 520w, https:\/\/windschiaf.de\/wp-content\/uploads\/2016\/05\/Walter-2017-257x300.jpg 257w\" sizes=\"(max-width: 167px) 100vw, 167px\" \/><\/span><\/span><\/span><img loading=\"lazy\" class=\"wp-image-234 alignright\" src=\"http:\/\/windschiaf.de\/wp-content\/uploads\/2016\/05\/Martin-2017-2.jpg\" alt=\"\" width=\"137\" height=\"195\" srcset=\"https:\/\/windschiaf.de\/wp-content\/uploads\/2016\/05\/Martin-2017-2.jpg 239w, https:\/\/windschiaf.de\/wp-content\/uploads\/2016\/05\/Martin-2017-2-210x300.jpg 210w\" sizes=\"(max-width: 137px) 100vw, 137px\" \/><br \/><span style=\"color: #993300;\">Martin Obermeyer\u00a0\u00a0 \u00a0<\/span><\/h3>\n<h3 style=\"text-align: left;\"><span style=\"color: #993300;\">Walter Hechenberger<\/span><i><\/i><u><\/u><\/h3>\n<p style=\"text-align: right;\"><span style=\"color: #800000;\">\u00a0<\/span><\/p>\n<p><span style=\"color: #800000;\">Gegr\u00fcndet haben wir uns 1995. Mit den ber\u00fchmten Haarer Tapes begann der Versuch, Lieder umzudichten, neu zu schreiben und selbst ins Leben zu rufen.<\/span><br \/><span style=\"color: #800000;\"> Immer schon haben wir vorwiegend f\u00fcr Freunde und Bekannte aufgespielt. Das hat sich bis heute nicht ge\u00e4ndert.<\/span><br \/><span style=\"color: #800000;\"> Unser Repertoire reicht von Folk, Blues, Rock hin zu Liedermacher-Songs.<\/span><br \/><span style=\"color: #800000;\"> Musikalisch sind wir zutiefst windschiafe Amateure, aber es macht halt einfach Spa\u00df. Unsere Texte sind nicht immer einfach zu verstehen, was nicht nur an Mundart und Dialekt liegt. Aber wer hat schon versprochen, dass alles leicht ist im Leben?<\/span><\/p>\n\n\n<h1><strong><span class=\"has-inline-color has-secondary-color\">Windschiaf lebt<\/span><\/strong><\/h1>\n\n\n\n<p><\/p>\n\n\n\n<p><\/p>\n","protected":false},"excerpt":{"rendered":"<p>Windschiaf lebt &#8211; mehr denn je Willkommen bei Windschiaf Es gibt uns also tats\u00e4chlich noch. Auch wenn wir inzwischennat\u00fcrlich ein wenig \u00e4lter sind. Windschiaf sind: \u00a0\u00a0\u00a0\u00a0\u00a0\u00a0 Christoph M\u00fcller Martin Obermeyer\u00a0\u00a0 \u00a0 Walter Hechenberger \u00a0 Gegr\u00fcndet haben wir uns 1995. Mit den ber\u00fchmten Haarer Tapes begann der Versuch, Lieder umzudichten, neu zu schreiben und selbst ins &hellip; <a href=\"https:\/\/windschiaf.de\/?page_id=2\" class=\"more-link\"><span class=\"screen-reader-text\"><\/span> weiterlesen<\/a><\/p>\n","protected":false},"author":1,"featured_media":0,"parent":0,"menu_order":0,"comment_status":"closed","ping_status":"closed","template":"","meta":[],"_links":{"self":[{"href":"https:\/\/windschiaf.de\/index.php?rest_route=\/wp\/v2\/pages\/2"}],"collection":[{"href":"https:\/\/windschiaf.de\/index.php?rest_route=\/wp\/v2\/pages"}],"about":[{"href":"https:\/\/windschiaf.de\/index.php?rest_route=\/wp\/v2\/types\/page"}],"author":[{"embeddable":true,"href":"https:\/\/windschiaf.de\/index.php?rest_route=\/wp\/v2\/users\/1"}],"replies":[{"embeddable":true,"href":"https:\/\/windschiaf.de\/index.php?rest_route=%2Fwp%2Fv2%2Fcomments&post=2"}],"version-history":[{"count":14,"href":"https:\/\/windschiaf.de\/index.php?rest_route=\/wp\/v2\/pages\/2\/revisions"}],"predecessor-version":[{"id":741,"href":"https:\/\/windschiaf.de\/index.php?rest_route=\/wp\/v2\/pages\/2\/revisions\/741"}],"wp:attachment":[{"href":"https:\/\/windschiaf.de\/index.php?rest_route=%2Fwp%2Fv2%2Fmedia&parent=2"}],"curies":[{"name":"wp","href":"https:\/\/api.w.org\/{rel}","templated":true}]}}

<h1 id="block-2b38ef33-3c03-4b53-a2f3-cce24c43d7b6" class="block-editor-rich-text__editable block-editor-block-list__block wp-block is-selected rich-text" style="text-align: center;" tabindex="0" role="group" aria-multiline="true" aria-label="Block: Überschrift" data-block="2b38ef33-3c03-4b53-a2f3-cce24c43d7b6" data-type="core/heading" data-title="Überschrift"><strong><span class="has-inline-color has-secondary-color" data-rich-text-format-boundary="true"><span style="color: #993300;">Windschiaf lebt &#8211; mehr denn je</span><br /></span></strong></h1>
<h6 style="text-align: center;"><span style="color: #800000;">Willkommen bei Windschiaf</span></h6>
<p style="text-align: center;"><span style="color: #800000;">Es gibt uns also tatsächlich noch. <br />Auch wenn wir inzwischen<br /></span><span style="color: #800000;">natürlich ein wenig älter sind.<br /></span><br /><span style="color: #800000;"> Windschiaf sind:</span></p>
<h3 style="text-align: right;"><span style="color: #800000;"><span style="color: #800000;"><img loading="lazy" class="wp-image-233" src="http://windschiaf.de/wp-content/uploads/2016/05/Christoph2017-e1493145472705.jpg" alt="" width="146" height="195" srcset="https://windschiaf.de/wp-content/uploads/2016/05/Christoph2017-e1493145472705.jpg 450w, https://windschiaf.de/wp-content/uploads/2016/05/Christoph2017-e1493145472705-225x300.jpg 225w" sizes="(max-width: 146px) 100vw, 146px" />       </span>Christoph Müller</span></h3>
<h3 style="text-align: right;"><span style="color: #800000;"><span style="color: #800000;"><span style="color: #800000;"><img loading="lazy" class="wp-image-235 alignleft" src="http://windschiaf.de/wp-content/uploads/2016/05/Walter-2017.jpg" alt="" width="167" height="195" srcset="https://windschiaf.de/wp-content/uploads/2016/05/Walter-2017.jpg 520w, https://windschiaf.de/wp-content/uploads/2016/05/Walter-2017-257x300.jpg 257w" sizes="(max-width: 167px) 100vw, 167px" /></span></span></span><img loading="lazy" class="wp-image-234 alignright" src="http://windschiaf.de/wp-content/uploads/2016/05/Martin-2017-2.jpg" alt="" width="137" height="195" srcset="https://windschiaf.de/wp-content/uploads/2016/05/Martin-2017-2.jpg 239w, https://windschiaf.de/wp-content/uploads/2016/05/Martin-2017-2-210x300.jpg 210w" sizes="(max-width: 137px) 100vw, 137px" /><br /><span style="color: #993300;">Martin Obermeyer    </span></h3>
<h3 style="text-align: left;"><span style="color: #993300;">Walter Hechenberger</span><i></i><u></u></h3>
<p style="text-align: right;"><span style="color: #800000;"> </span></p>
<p><span style="color: #800000;">Gegründet haben wir uns 1995. Mit den berühmten Haarer Tapes begann der Versuch, Lieder umzudichten, neu zu schreiben und selbst ins Leben zu rufen.</span><br /><span style="color: #800000;"> Immer schon haben wir vorwiegend für Freunde und Bekannte aufgespielt. Das hat sich bis heute nicht geändert.</span><br /><span style="color: #800000;"> Unser Repertoire reicht von Folk, Blues, Rock hin zu Liedermacher-Songs.</span><br /><span style="color: #800000;"> Musikalisch sind wir zutiefst windschiafe Amateure, aber es macht halt einfach Spaß. Unsere Texte sind nicht immer einfach zu verstehen, was nicht nur an Mundart und Dialekt liegt. Aber wer hat schon versprochen, dass alles leicht ist im Leben?</span></p>


<h1><strong><span class="has-inline-color has-secondary-color">Windschiaf lebt</span></strong></h1>



<p></p>



<p></p>

<p>Windschiaf lebt &#8211; mehr denn je Willkommen bei Windschiaf Es gibt uns also tatsächlich noch. Auch wenn wir inzwischennatürlich ein wenig älter sind. Windschiaf sind:        Christoph Müller Martin Obermeyer     Walter Hechenberger   Gegründet haben wir uns 1995. Mit den berühmten Haarer Tapes begann der Versuch, Lieder umzudichten, neu zu schreiben und selbst ins &hellip; <a href="https://windschiaf.de/?page_id=2" class="more-link"><span class="screen-reader-text"></span> weiterlesen</a></p>
