{"id":12,"date":"2017-04-19T12:05:07","date_gmt":"2017-04-19T12:05:07","guid":{"rendered":"http:\/\/windschiaf.de\/?page_id=12"},"modified":"2022-06-18T09:56:53","modified_gmt":"2022-06-18T09:56:53","slug":"wir-spielen","status":"publish","type":"page","link":"https:\/\/windschiaf.de\/?page_id=12","title":{"rendered":"Was wir so spielen&#8230;"},"content":{"rendered":"<p><span style=\"color: #993300;\"><img loading=\"lazy\" class=\"alignleft wp-image-58\" src=\"http:\/\/windschiaf.de\/wp-content\/uploads\/2017\/04\/windschiaf-gitarren.bmp\" alt=\"\" width=\"208\" height=\"200\" \/>.<\/span><\/p>\n<p><span style=\"color: #993300;\">..selbstgestrickte Lieder, die sich<br \/>nat\u00fcrlich alle windschiaf anh\u00f6ren.<\/span><br \/><span style=\"color: #993300;\"> Hier kannst Du unsere<br \/>Lieder h\u00f6ren. Nach Konzerten geordnet<\/span><br \/><span style=\"color: #993300;\"> Viel Spa\u00df damit!!<\/span><\/p>\n<p><a href=\"https:\/\/windschiaf.de\/?page_id=547\">Unser erstes Konzert 1997 in Zorneding<\/a><\/p>\n<p style=\"text-align: center;\"><a href=\"https:\/\/windschiaf.de\/?page_id=639\">Unser zweites Konzert in Zorneding<\/a><\/p>\n<p style=\"text-align: right;\"><a href=\"https:\/\/windschiaf.de\/?page_id=554\">Unser Konzert 1999 in Berg am Laim<\/a><\/p>\n<p style=\"text-align: center;\"><a href=\"https:\/\/windschiaf.de\/?page_id=596\">Unser Konzert 2004 in Oberf\u00f6hring<\/a><\/p>\n<p><a href=\"https:\/\/windschiaf.de\/?page_id=669\">Unser Konzert 2017 in Zorneding<\/a><\/p>\n<p style=\"text-align: center;\"><a href=\"https:\/\/windschiaf.de\/?page_id=700\">Unser Konzert 2019 in Zorneding<\/a><\/p>\n<p>und ganz frisch: unser tolles <a href=\"https:\/\/windschiaf.de\/?page_id=467\">OpenAir in Bergkirchen 2022<\/a><\/p>\n<p>\u00a0<\/p>\n\n\n<p><\/p>\n\n\n\n<p><\/p>\n\n\n\n<p><\/p>\n\n\n\n<p><\/p>\n","protected":false},"excerpt":{"rendered":"<p>. ..selbstgestrickte Lieder, die sichnat\u00fcrlich alle windschiaf anh\u00f6ren. Hier kannst Du unsereLieder h\u00f6ren. Nach Konzerten geordnet Viel Spa\u00df damit!! Unser erstes Konzert 1997 in Zorneding Unser zweites Konzert in Zorneding Unser Konzert 1999 in Berg am Laim Unser Konzert 2004 in Oberf\u00f6hring Unser Konzert 2017 in Zorneding Unser Konzert 2019 in Zorneding und ganz frisch: &hellip; <a href=\"https:\/\/windschiaf.de\/?page_id=12\" class=\"more-link\"><span class=\"screen-reader-text\">Was wir so spielen&#8230;<\/span> weiterlesen<\/a><\/p>\n","protected":false},"author":1,"featured_media":0,"parent":0,"menu_order":0,"comment_status":"closed","ping_status":"closed","template":"","meta":[],"_links":{"self":[{"href":"https:\/\/windschiaf.de\/index.php?rest_route=\/wp\/v2\/pages\/12"}],"collection":[{"href":"https:\/\/windschiaf.de\/index.php?rest_route=\/wp\/v2\/pages"}],"about":[{"href":"https:\/\/windschiaf.de\/index.php?rest_route=\/wp\/v2\/types\/page"}],"author":[{"embeddable":true,"href":"https:\/\/windschiaf.de\/index.php?rest_route=\/wp\/v2\/users\/1"}],"replies":[{"embeddable":true,"href":"https:\/\/windschiaf.de\/index.php?rest_route=%2Fwp%2Fv2%2Fcomments&post=12"}],"version-history":[{"count":42,"href":"https:\/\/windschiaf.de\/index.php?rest_route=\/wp\/v2\/pages\/12\/revisions"}],"predecessor-version":[{"id":744,"href":"https:\/\/windschiaf.de\/index.php?rest_route=\/wp\/v2\/pages\/12\/revisions\/744"}],"wp:attachment":[{"href":"https:\/\/windschiaf.de\/index.php?rest_route=%2Fwp%2Fv2%2Fmedia&parent=12"}],"curies":[{"name":"wp","href":"https:\/\/api.w.org\/{rel}","templated":true}]}}

<p><span style="color: #993300;"><img loading="lazy" class="alignleft wp-image-58" src="http://windschiaf.de/wp-content/uploads/2017/04/windschiaf-gitarren.bmp" alt="" width="208" height="200" />.</span></p>
<p><span style="color: #993300;">..selbstgestrickte Lieder, die sich<br />natürlich alle windschiaf anhören.</span><br /><span style="color: #993300;"> Hier kannst Du unsere<br />Lieder hören. Nach Konzerten geordnet</span><br /><span style="color: #993300;"> Viel Spaß damit!!</span></p>
<p><a href="https://windschiaf.de/?page_id=547">Unser erstes Konzert 1997 in Zorneding</a></p>
<p style="text-align: center;"><a href="https://windschiaf.de/?page_id=639">Unser zweites Konzert in Zorneding</a></p>
<p style="text-align: right;"><a href="https://windschiaf.de/?page_id=554">Unser Konzert 1999 in Berg am Laim</a></p>
<p style="text-align: center;"><a href="https://windschiaf.de/?page_id=596">Unser Konzert 2004 in Oberföhring</a></p>
<p><a href="https://windschiaf.de/?page_id=669">Unser Konzert 2017 in Zorneding</a></p>
<p style="text-align: center;"><a href="https://windschiaf.de/?page_id=700">Unser Konzert 2019 in Zorneding</a></p>
<p>und ganz frisch: unser tolles <a href="https://windschiaf.de/?page_id=467">OpenAir in Bergkirchen 2022</a></p>
<p> </p>


<p></p>



<p></p>



<p></p>



<p></p>

<p>. ..selbstgestrickte Lieder, die sichnatürlich alle windschiaf anhören. Hier kannst Du unsereLieder hören. Nach Konzerten geordnet Viel Spaß damit!! Unser erstes Konzert 1997 in Zorneding Unser zweites Konzert in Zorneding Unser Konzert 1999 in Berg am Laim Unser Konzert 2004 in Oberföhring Unser Konzert 2017 in Zorneding Unser Konzert 2019 in Zorneding und ganz frisch: &hellip; <a href="https://windschiaf.de/?page_id=12" class="more-link"><span class="screen-reader-text">Was wir so spielen&#8230;</span> weiterlesen</a></p>
