{"id":203,"date":"2017-04-23T08:10:58","date_gmt":"2017-04-23T08:10:58","guid":{"rendered":"http:\/\/windschiaf.de\/wp-content\/uploads\/2017\/04\/t\u00fcr.bmp"},"modified":"2017-04-23T19:00:11","modified_gmt":"2017-04-23T19:00:11","slug":"tuer","status":"inherit","type":"attachment","link":"https:\/\/windschiaf.de\/?attachment_id=203","title":{"rendered":"t\u00fcr"},"author":1,"comment_status":"closed","ping_status":"closed","template":"","meta":[],"description":{"rendered":"<p class=\"attachment\"><a href='https:\/\/windschiaf.de\/wp-content\/uploads\/2017\/04\/t\u00fcr.bmp'><img width=\"300\" height=\"207\" src=\"https:\/\/windschiaf.de\/wp-content\/uploads\/2017\/04\/t\u00fcr.bmp\" class=\"attachment-medium size-medium\" alt=\"\" loading=\"lazy\" \/><\/a><\/p>\n"},"caption":{"rendered":"<p>16:5 Sie gingen in das Grab hinein und sahen auf der rechten Seite einen jungen Mann sitzen, der mit einem wei\u00dfen Gewand bekleidet war; da erschraken sie sehr.    16:6 Er aber sagte zu ihnen: Erschreckt nicht! Ihr sucht Jesus von Nazaret, den Gekreuzigten. Er ist auferstanden; er ist nicht hier. Seht, da ist die Stelle, wo man ihn hingelegt hatte.    16:7 Nun aber geht und sagt seinen J\u00fcngern, vor allem Petrus: Er geht euch voraus nach Galil\u00e4a; dort werdet ihr ihn sehen, wie er es euch gesagt hat.    16:8 Da verlie\u00dfen sie das Grab und flohen; denn Schrecken und Entsetzen hatte sie gepackt. Und sie sagten niemand etwas davon; denn sie f\u00fcrchteten sich.<\/p>\n"},"alt_text":"","media_type":"image","mime_type":"image\/bmp","media_details":{"width":2224,"height":1537,"file":"2017\/04\/t\u00fcr.bmp","image_meta":{"aperture":"0","credit":"","camera":"","caption":"","created_timestamp":"0","copyright":"","focal_length":"0","iso":"0","shutter_speed":"0","title":"","orientation":"0","keywords":[]},"sizes":{}},"post":201,"source_url":"https:\/\/windschiaf.de\/wp-content\/uploads\/2017\/04\/t\u00fcr.bmp","_links":{"self":[{"href":"https:\/\/windschiaf.de\/index.php?rest_route=\/wp\/v2\/media\/203"}],"collection":[{"href":"https:\/\/windschiaf.de\/index.php?rest_route=\/wp\/v2\/media"}],"about":[{"href":"https:\/\/windschiaf.de\/index.php?rest_route=\/wp\/v2\/types\/attachment"}],"author":[{"embeddable":true,"href":"https:\/\/windschiaf.de\/index.php?rest_route=\/wp\/v2\/users\/1"}],"replies":[{"embeddable":true,"href":"https:\/\/windschiaf.de\/index.php?rest_route=%2Fwp%2Fv2%2Fcomments&post=203"}]}}

http://windschiaf.de/wp-content/uploads/2017/04/tür.bmp

tür

<p class="attachment"><a href='https://windschiaf.de/wp-content/uploads/2017/04/tür.bmp'><img width="300" height="207" src="https://windschiaf.de/wp-content/uploads/2017/04/tür.bmp" class="attachment-medium size-medium" alt="" loading="lazy" /></a></p>

<p>16:5 Sie gingen in das Grab hinein und sahen auf der rechten Seite einen jungen Mann sitzen, der mit einem weißen Gewand bekleidet war; da erschraken sie sehr.    16:6 Er aber sagte zu ihnen: Erschreckt nicht! Ihr sucht Jesus von Nazaret, den Gekreuzigten. Er ist auferstanden; er ist nicht hier. Seht, da ist die Stelle, wo man ihn hingelegt hatte.    16:7 Nun aber geht und sagt seinen Jüngern, vor allem Petrus: Er geht euch voraus nach Galiläa; dort werdet ihr ihn sehen, wie er es euch gesagt hat.    16:8 Da verließen sie das Grab und flohen; denn Schrecken und Entsetzen hatte sie gepackt. Und sie sagten niemand etwas davon; denn sie fürchteten sich.</p>

2017/04/tür.bmp

https://windschiaf.de/wp-content/uploads/2017/04/tür.bmp
